2 - 45*j - 370. What is q(52)?
-6
Let v(t) = -8*t**2 - t + 2. What is v(-2)?
-28
Let n(a) = a**2 - 5*a + 9. Determine n(6).
15
Let t(c) = -c**3 + 3*c**2 - c - 1. Determine t(-2).
21
Let q(l) = 4*l + 1. Give q(-2).
-7
Let j(h) = 3*h - 13. Give j(5).
2
Let y(v) = -15*v - 264. Determine y(-18).
6
Let i(j) = -j**3 + 9*j**2 - j + 6. What is i(9)?
-3
Let s(y) = 3*y - 44. Determine s(15).
1
Let k(o) = o**2 + 18*o + 3. What is k(-18)?
3
Let p(g) = -6*g - 25. What is p(-17)?
77
Let v(h) = 13*h + 13. Give v(0).
13
Let a(o) = o**3 + 10*o**2 - 11*o - 17. Calculate a(-11).
-17
Let v(n) = -n**2 + 21*n + 38. Give v(23).
-8
Let x(c) = -3*c + 66. Calculate x(13).
27
Let l(k) = -k**3 - 8*k**2 + 23*k + 22. Determine l(-10).
-8
Let b(a) = -a**2 - 23*a - 42. Give b(-17).
60
Let k(c) = c**2 - 4*c - 6. Determine k(4).
-6
Let i(c) = -c**3 - 7*c**2 + 18*c + 18. Determine i(-9).
18
Let x(y) = y**2 - 3. Calculate x(-2).
1
Let w(c) = 19*c + 55. Calculate w(-3).
-2
Let u(j) = -3*j**2 + 12*j - 41. Determine u(6).
-77
Let w(f) = -3*f - 9. Give w(7).
-30
Let z(k) = -130*k - 520. Give z(-4).
0
Let y(j) = j**3 - 44*j**2 - 93*j + 57. What is y(46)?
11
Let y(w) = w**3 - 18*w**2 - 19*w + 10. Give y(19).
10
Let i(a) = -2*a + 8. Determine i(8).
-8
Let v(o) = o**2 + 5*o - 132. Calculate v(-15).
18
Let t(u) = u + 13. Determine t(-27).
-14
Let m(h) = 49*h + 74. What is m(-1)?
25
Let p(l) = 3*l + 28. Determine p(-14).
-14
Let q(t) = t**2 + 13*t - 9. What is q(-14)?
5
Let m(p) = 36*p - 173. Determine m(5).
7
Let m(s) = 6*s**2 + 5*s - 2. What is m(1)?
9
Let a(y) = 4*y**2 - 12*y - 5. Determine a(4).
11
Let j(m) = -41*m - 6. Give j(-2).
76
Let s(y) = 95*y. Calculate s(1).
95
Let q(f) = 5*f + 53. Give q(-11).
-2
Let p(t) = -t**2 + 13*t + 26. Calculate p(-2).
-4
Let j(k) = 8*k**3 + 3*k**2 - 3. Determine j(1).
8
Let a(q) = q**3 + q + 1. Calculate a(2).
11
Let y(l) = -3*l**2 - 3*l + 4. Determine y(5).
-86
Let b(x) = -x**3 - 4*x**2 + 8*x + 6. What is b(-6)?
30
Let y(j) = -2*j**2 - 41*j - 30. Determine y(-20).
-10
Let w(a) = -a**3 + 6*a**2 + 25*a - 54. What is w(8)?
18
Let d(f) = f**2 + 8*f + 11. Give d(-5).
-4
Let m(q) = 25*q - 243. Determine m(10).
7
Let i(j) = -j + 16. Determine i(11).
5
Let j(k) = -10*k - 5. Calculate j(7).
-75
Let s(y) = -y**3 + 7*y**2 - 2*y + 3. Give s(5).
43
Let z(q) = -q**3 - 4*q**2 - 8*q - 9. Calculate z(-5).
56
Let h(m) = -3*m**3 + 7*m**2 - 3*m - 1. Calculate h(2).
-3
Let k(l) = l**3 - 19*l**2 + 2*l + 41. Give k(19).
79
Let x(y) = -y + 3. Give x(-5).
8
Let j(r) = -r**2 + 5*r. Give j(6).
-6
Let l(z) = z**2 - 25*z - 25. Give l(26).
1
Let x(r) = 2*r - 2. What is x(-8)?
-18
Let i(p) = p**3 - 11*p**2 + 18*p - 2. Determine i(9).
-2
Let a(w) = w**3 + 21*w**2 - 16*w + 49. What is a(-22)?
-83
Let p(i) = i**3 - 25*i**2 + i - 46. Give p(25).
-21
Let r(d) = -d**3 + 17*d**2 - 3*d + 72. Determine r(17).
21
Let s(p) = p**2 + 12*p + 14. What is s(-12)?
14
Let n(v) = -9*v - 74. Calculate n(-7).
-11
Let b(m) = 2*m**2 - 10*m - 11. Calculate b(6).
1
Let v(k) = -5*k + 4. Determine v(3).
-11
Let y(x) = -8*x - 5. Give y(-1).
3
Let c(b) = -b**2 + 6*b + 6. Give c(6).
6
Let r(t) = -t**3 - 24*t**2 + 24*t - 32. Give r(-25).
-7
Let a(z) = -5*z**2 - 1. What is a(1)?
-6
Let t(u) = -13*u**2 - 1. Determine t(1).
-14
Let t(k) = 6*k + 1. Determine t(4).
25
Let q(o) = -o**2 + 18*o + 12. Give q(18).
12
Let a(c) = c**3 - c**2 + 3*c - 3. Give a(2).
7
Let z(q) = -2*q**2 - 10*q - 16. Give z(-3).
-4
Let q(v) = 17*v - 22. Determine q(2).
12
Let c(p) = 5*p**2 - 33*p + 9. What is c(6)?
-9
Let c(w) = 13*w - 14. Determine c(11).
129
Let p(t) = -12*t - 43. What is p(-10)?
77
Let f(b) = -b**2 + 10*b + 3. Calculate f(4).
27
Let w(p) = -p**3 - 7*p**2 - 7*p - 5. What is w(-5)?
-20
Let h(c) = c**2 + 7*c - 3. What is h(-8)?
5
Let h(o) = 12*o - 20. What is h(5)?
40
Let t(y) = -y**3 + 12*y**2 - 13*y + 21. Give t(11).
-1
Let r(q) = -q + 14. Determine r(8).
6
Let y(t) = 14*t**3 + t**2 - t. Give y(1).
14
Let d(c) = -c**2 + 21*c + 12. What is d(21)?
12
Let r(d) = d**2 + 17*d - 29. What is r(2)?
9
Let t(o) = -15*o + 32. What is t(3)?
-13
Let s(p) = p**3. Give s(0).
0
Let o(x) = 2*x**2 - 5*x + 3. Calculate o(5).
28
Let z(i) = i**2 + 35*i - 137. What is z(-38)?
-23
Let d(r) = r**2 - r - 7. Determine d(6).
23
Let u(p) = -4*p**3 + 1. What is u(1)?
-3
Let l(h) = -h**3 - 15*h**2 - 16*h - 20. Give l(-14).
8
Let k(n) = 81*n - 6. Calculate k(1).
75
Let x(q) = -q**3 - 9*q**2 + 13*q - 12. Give x(-10).
-42
Let u(v) = v**3 - 6*v**2 - 6*v + 50. Determine u(5).
-5
Let o(k) = k**2 - 6*k - 148. Calculate o(-9).
-13
Let z(b) = -b - 16. What is z(7)?
-23
Let q(v) = 7*v**2 - 7*v + 7. Determine q(3).
49
Let c(d) = -d**3 - 23*d**2 - 44*d - 50. What is c(-21)?
-8
Let h(o) = 3*o - 14. What is h(11)?
19
Let o(u) = u**3 + 9*u**2 + 15*u + 18. Give o(-7).
11
Let q(j) = -j - 1. Calculate q(-3).
2
Let o(z) = -5*z + 73. Determine o(3).
58
Let t(f) = -2*f - 31. Give t(-18).
5
Let q(b) = -b**3 + 9*b**2 + 35*b + 10. Calculate q(12).
-2
Let x(h) = -5*h - 11. What is x(-6)?
19
Let j(h) = -6*h - 4. What is j(0)?
-4
Let u(w) = 2*w**3 + 2*w**2 - 5*w + 1. Give u(-3).
-20
Let k(d) = -d**3 + 7*d**2 + 9*d - 5. Give k(8).
3
Let p(z) = -z**2 - 12*z + 7. What is p(-12)?
7
Let a(g) = 4*g + 83. Determine a(-30).
-37
Let i(d) = -3*d - 14. Calculate i(-8).
10
Let s(t) = -2*t**3 + 3*t + 3. Determine s(-2).
13
Let u(p) = 5*p**2 + 3*p. Give u(-2).
14
Let m(g) = g**3 + 11*g**2 + 3*g + 11. What is m(-11)?
-22
Let v(g) = -5*g - 13. Determine v(-3).
2
Let n(h) = h**2 + 11*h - 54. Calculate n(-15).
6
Let y(u) = 5*u - 78. Determine y(-11).
-133
Let t(g) = g**3 + 10*g**2 - 26*g - 43. Give t(-12).
-19
Let x(j) = -6*j - 32. Give x(-11).
34
Let w(b) = 9*b + 1. Give w(-2).
-17
Let v(r) = 3*r - 22. What is v(5)?
-7
Let c(u) = u**2 + 19*u + 76. Calculate c(-9).
-14
Let a(q) = 7*q - 25. Calculate a(10).
45
Let f(j) = -j**3 + 3*j**2 + 11*j + 1. Calculate f(5).
6
Let z(u) = -4*u + 9. Give z(5).
-11
Let z(l) = 3*l**3 - 2*l + 2. Calculate z(1).
3
Let z(h) = h - 7. Give z(7).
0
Let u(o) = 13*o + 1. Determine u(2).
27
Let v(p) = 4*p**3 + 1. Calculate v(-1).
-3
Let v(c) = -c + 7. Determine v(6).
1
Let v(g) = -4*g - 41. Determine v(-10).
-1
Let i(m) = m**3 - 11*m**2 - 6*m + 3. Calculate i(12).
75
Let b(f) = f**3 + 11*f**2 - f + 18. Determine b(-12).
-114
Let z(d) = -5*d - 73. Determine z(-10).
-23
Let p(q) = -q**3 + q**2 + q + 2. What is p(0)?
2
Let a(h) = 3*h - 1. Calculate a(6).
17
Let y(k) = 11*k - 5. Determine y(4).
39
Let z(h) = -2*h + 3. What is z(-5)?
13
Let m(r) = r**2 + 16*r - 13. Give m(-13).
-52
Let o(c) = -3*c + 88. Determine o(11).
55
Let j(g) = -g**3 - 3*g**2 - 5*g - 11. Give j(-3).
4
Let c(v) = 3*v**2 + 12*v - 2. Give c(-7).
61
Let o(l) = -l - 29. Determine o(-21).
-8
Let b(x) = x**3 - 5*x**2 - 17. Give b(5).
-17
Let u(l) = -l**2 - 3*l. Determine u(-3).
0
Let u(h) = -12*h - 19. Calculate u(9).
-127
Let l(k) = -k**3 + 4*k**2 + 12*k - 4. What is l(6)?
-4
Let a(b) = b**3 + 16. Give a(0).
16
Let q(a) = -a + 52. Give q(3).
49
Let u(j) = -j**3 - 5*j**2 + 2*j - 2. What is u(-4)?
-26
Let o(g) = -4*g**2 - 37*g - 10. Calculate o(-9).
-1
Let t(v) = -63*v - 187. What is t(-3)?
2
Let h(u) = -3*u - 4. Give h(-2).
2
Let y(m) = 48*m**3 + 2*m + 1. Give y(-1).
-49
Let j(x) = 2*x**2 + 2*x + 8. Determine j(6).
92
Let g(f) = -f - 24. Determine g(-12).
-12
Let x(r) = r + 11. Determine x(-6).
5
Let x(b) = -5*b**3 - 3*b - 5. Determine x(-2).
41
Let y(x) = 6*x + 14. Calculate y(-3).
-4
Let a(n) = -5*n**2 - 5*n + 5. Give a(-5).
-95
Let l(n) = -7*n**2 - n - 2. Give l(-2).
-28
Let j(h) = h**3 + 13*h**2 - 85*h - 8. What is j(5)?
17
Let a(f) = -f**3 + 25*f**2 + 16. Calculate a(25).
16
Let l(u) = u**3 + 5*u**2 - 11*u - 8. Give l(-7).
-29
Let s(m) = -m**2 - 18*m - 22. Determine s(-18).
-22
Let u(c) = 9*c**3 - c - 2. What is u(-1)?
-10
Let a(f) = -2*f**2 + 16*f + 6. Give a(8).
6
Let t(g) = -6*g + 10. Determine t(-2).
22
Let z(o) = o**3 - 11*o**2 - 14*o - 3. Give z(12).
-27
Let b(w) = -w**2 - 10*w - 19. Give b(-8).
-3
Let y(v) = -4*v + 47. Calculate y(16).
-17
Let h(p) = -p**2 - 8*p + 27. Determine h(-13).
-38
Let k(m) = -m**2 - 14*m - 14. Determine k(-10).
26
Let t(y) = -34*y + 225. Determine t(6).
21
Let x(b) = b**2 + 6*b + 4. Give x(-3).
-5
Let c(x) = -2*x - 3. Give c(-3).
3
Let c(z) = 4*z - 7. Give c(2).
1
Let d